e 15
-4b
Convert -5 (base 11) to base 14.
-5
Convert 100010 (base 2) to base 12.
2a
What is -332 (base 8) in base 12?
-162
Convert -4 (base 9) to base 7.
-4
Convert -3 (base 4) to base 9.
-3
-164 (base 10) to base 4
-2210
What is -51 (base 6) in base 12?
-27
Convert -da (base 14) to base 6.
-520
Convert -134 (base 6) to base 14.
-42
What is 2 (base 16) in base 11?
2
-1 (base 7) to base 11
-1
Convert 80 (base 13) to base 16.
68
-6 (base 13) to base 15
-6
What is -1 (base 4) in base 3?
-1
3b (base 15) to base 13
44
What is 6 (base 16) in base 11?
6
10 (base 8) to base 5
13
What is -23 (base 8) in base 13?
-16
Convert 114 (base 5) to base 16.
22
What is 10 (base 12) in base 14?
c
Convert 136 (base 9) to base 3.
11020
What is 12 (base 3) in base 11?
5
9 (base 10) to base 3
100
215 (base 8) to base 4
2031
Convert 9 (base 11) to base 2.
1001
-9 (base 12) to base 8
-11
3 (base 8) to base 11
3
-151 (base 10) to base 16
-97
What is -1 (base 5) in base 12?
-1
-1000 (base 2) to base 16
-8
Convert 33 (base 5) to base 3.
200
10 (base 10) to base 14
a
-22 (base 6) to base 13
-11
What is 2 (base 4) in base 7?
2
What is -32 (base 4) in base 13?
-11
Convert -233 (base 4) to base 16.
-2f
Convert 23 (base 7) to base 2.
10001
What is -4f (base 16) in base 14?
-59
Convert -14 (base 11) to base 12.
-13
Convert 32 (base 4) to base 15.
e
Convert 1202 (base 3) to base 8.
57
Convert cb (base 13) to base 7.
326
Convert 99 (base 13) to base 7.
240
What is 70 (base 9) in base 15?
43
What is -101101 (base 2) in base 8?
-55
What is 13 (base 9) in base 11?
11
What is -4 (base 14) in base 8?
-4
14 (base 6) to base 10
10
Convert 118 (base 9) to base 14.
70
-1 (base 8) to base 4
-1
45 (base 13) to base 2
111001
1 (base 8) to base 14
1
Convert -10 (base 2) to base 8.
-2
33 (base 12) to base 6
103
0 (base 8) to base 5
0
What is -3 (base 14) in base 10?
-3
-20 (base 15) to base 5
-110
What is -4 (base 16) in base 10?
-4
-4 (base 5) to base 15
-4
158 (base 12) to base 13
134
What is -5a (base 12) in base 2?
-1000110
-8b (base 15) to base 16
-83
What is -2e (base 16) in base 8?
-56
-32 (base 4) to base 10
-14
15 (base 10) to base 8
17
Convert -163 (base 12) to base 9.
-263
0 (base 10) to base 4
0
What is 10133 (base 4) in base 16?
11f
12 (base 10) to base 12
10
Convert -4 (base 14) to base 3.
-11
d (base 14) to base 9
14
7 (base 10) to base 13
7
Convert 29 (base 13) to base 7.
50
-2 (base 9) to base 11
-2
What is -69 (base 11) in base 9?
-83
104 (base 8) to base 12
58
Convert -5 (base 8) to base 5.
-10
Convert 0 (base 16) to base 9.
0
Convert -4b (base 13) to base 16.
-3f
What is 1310 (base 4) in base 10?
116
-3 (base 16) to base 12
-3
What is -2 (base 16) in base 5?
-2
Convert -4 (base 10) to base 5.
-4
What is -46 (base 15) in base 6?
-150
What is -7b (base 13) in base 9?
-123
1 (base 6) to base 4
1
What is 2 (base 14) in base 2?
10
What is 24 (base 16) in base 10?
36
1b (base 14) to base 11
23
What is -16 (base 9) in base 16?
-f
Convert -4 (base 16) to base 12.
-4
Convert -34 (base 8) to base 12.
-24
13 (base 9) to base 16
c
What is 1 (base 9) in base 10?
1
Convert -b (base 13) to base 2.
-1011
2 (base 8) to base 5
2
What is -101 (base 2) in base 10?
-5
Convert 1 (base 15) to base 9.
1
Convert -23 (base 16) to base 12.
-2b
Convert -1 (base 16) to base 14.
-1
What is 18 (base 10) in base 6?
30
4 (base 10) to base 15
4
What is -2 (base 11) in base 16?
-2
Convert 16 (base 11) to base 12.
15
What is -402 (base 7) in base 15?
-d3
What is -11 (base 13) in base 3?
-112
-b (base 15) to base 13
-b
Convert 2 (base 14) to base 5.
2
-11 (base 13) to base 15
-e
Convert 40 (base 12) to base 15.
33
2 (base 12) to base 7
2
7 (base 10) to base 9
7
-101 (base 2) to base 5
-10
What is -200 (base 3) in base 7?
-24
Convert 18a (base 11) to base 15.
e9
What is 111 (base 2) in base 9?
7
What is 31 (base 5) in base 4?
100
Convert 5 (base 10) to base 7.
5
-1 (base 10) to base 12
-1
-25 (base 8) to base 3
-210
Convert -52 (base 7) to base 5.
-122
10 (base 3) to base 10
3
What is -7 (base 16) in base 13?
-7
1 (base 16) to base 7
1
What is 0 (base 14) in base 15?
0
What is 18 (base 11) in base 2?
10011
Convert 25 (base 11) to base 9.
30
Convert -110 (base 9) to base 16.
-5a
-110 (base 2) to base 14
-6
What is 18 (base 15) in base 9?
25
Convert 5 (base 11) to base 9.
5
0 (base 6) to base 10
0
Convert -1001 (base 2) to base 16.
-9
Convert -51 (base 8) to base 14.
-2d
Convert -32 (base 5) to base 8.
-21
What is -293 (base 11) in base 12?
-248
-10111100 (base 2) to base 8
-274
Convert 13 (base 9) to base 4.
30
Convert 110 (base 2) to base 6.
10
-101 (base 3) to base 12
-a
-a (base 15) to base 5
-20
-65 (base 12) to base 10
-77
5 (base 9) to base 2
101
-11 (base 10) to base 3
-102
113 (base 12) to base 16
9f
What is a4 (base 16) in base 6?
432
3 (base 10) to base 2
11
What is 22 (base 10) in base 6?
34
What is 128 (base 10) in base 15?
88
4 (base 10) to base 7
4
What is -44 (base 11) in base 3?
-1210
Convert 36 (base 9) to base 16.
21
What is -8 (base 10) in base 5?
-13
What is 5a (base 11) in base 2?
1000001
3 (base 9) to base 11
3
What is 16 (base 9) in base 4?
33
What is -16 (base 9) in base 10?
-15
Convert -b (base 16) to base 8.
-13
42 (base 6) to base 5
101
Convert -10 (base 2) to base 6.
-2
Convert 1021 (base 3) to base 12.
2a
-41 (base 6) to base 4
-121
Convert -54 (base 9) to base 10.
-49
Convert 6c (base 13) to base 11.
82
What is 4 (base 8) in base 2?
100
What is 32 (base 16) in base 3?
1212
Convert -1 (base 12) to base 16.
-1
-320 (base 4) to base 15
-3b
What is -106 (base 7) in base 6?
-131
What is 1e (base 15) in base 13?
23
-2b (base 15) to base 4
-221
0 (base 4) to base 2
0
What is 1 (base 4) in base 6?
1
31 (base 9) to base 12
24
-1 (base 16) to base 2
-1
Convert 8 (base 16) to base 11.
8
What is -2 (base 13) in base 10?
-2
Convert 2 (base 9) to base 7.
2
11 (base 15) to base 14
12
3 (base 7) to base 5
3
Convert -1 (base 9) to base 14.
-1
-22 (base 7) to base 16
-10
What is -2 (base 12) in base 10?
-2
Convert 2 (base 16) to base 5.
2
What is 52 (base 15) in base 6?
205
224 (base 5) to base 16
40
31 (base 4) to base 9
14
What is 129 (base 10) in base 3?
11210
Convert -112 (base 4) to base 9.
-24
What is 17 (base 13) in base 11?
19
What is 12 (base 8) in base 4?
22
What is 3 (base 12) in base 11?
3
Convert 3 (base 6) to base 3.
10
Convert -5 (base 9) to base 6.
-5
What is -110 (base 3) in base 15?
-c
70 (base 12) to base 4
1110
1100 (base 2) to base 8
14
What is 19 (base 12) in base 2?
10101
348 (base 9) to base 14
167
-130 (base 7) to base 8
-106
Convert -9 (base 16) to base 4.
-21
What is 0 (base 11) in base 3?
0
What is -22 (base 7) in base 5?
-31
Convert -4 (base 13) to base 12.
-4
What is -2 (base 14) in base 7?
-2
Convert 41 (base 11) to base 14.
33
-44 (base 15) to base 6
-144
9 (base 14) to base 10
9
What is 5 (base 7) in base 4?
11
4 (base 10) to base 9
4
Convert 50 (base 13) to base 14.
49
Convert -8 (base 11) to base 15.
-8
What is -32 (base 4) in base 6?
-22
-12 (base 10) to base 2
-1100
What is -95 (base 13) in base 5?
-442
-71 (base 11) to base 2
-1001110
-2 (base 15) to base 3
-2
What is -126 (base 7) in base 5?
-234
Convert 4 (base 15) to base 4.
10
0 (base 6) to base 15
0
-333 (base 6) to base 3
-11210
1e (base 15) to base 6
45
-118 (base 12) to base 11
-13a
2201 (base 3) to base 13
58
-91 (base 14) to base 15
-87
What is -5 (base 10) in base 2?
-101
-101010 (base 2) to base 11
-39
Convert -10 (base 5) to base 2.
-101
What is 1 (base 3) in base 15?
1
-31 (base 16) to base 9
-54
-b (base 12) to base 2
-1011
What is 1000 (base 3) in base 16?
1b
Convert 1 (base 15) to base 12.
1
Convert -1 (base 8) to base 4.
-1
Convert 102 (base 4) to base 16.
12
2 (base 4) to base 7
2
Convert -9 (base 15) to base 16.
-9
Convert 1 (base 14) to base 9.
1
102 (base 4) to base 3
200
What is -96 (base 10) in base 15?
-66
-5 (base 14) to base 10
-5
What is -19 (base 12) in base 15?
-16
What is -16 (base 8) in base 12?
-12
What is 143 (base 6) in base 7?
120
-3 (base 4) to base 12
-3
What is 43 (base 10) in base 4?
223
What is 12 (base 7) in base 12?
9
Convert 12 (base 5) to base 16.
7
106 (base 10) to base 11
97
1 (base 13) to base 11
1
What is -275 (base 8) in base 9?
-230
What is 3 (base 16) in ba